0)/((-1)/d). Suppose -b = -5*b + m. What are the prime factors of b?
2, 11
Suppose -8*o + 6*o + 6 = 2*b, -4*o - 2*b + 14 = 0. What are the prime factors of (2/o)/((-17)/(-32164))?
2, 11, 43
Suppose -4*b + 62780 = 5*p, 0*b = 2*b + 3*p - 31386. What are the prime factors of b?
3, 5, 349
Let c(v) = v**3 + 8*v**2 - v - 8. Let n be c(-8). Suppose -l - 5*o - 9 + 44 = n, -3*o - 31 = -2*l. List the prime factors of (255/(-34))/((-3)/l).
2, 5
Let v = 23 + 513. Let r = v - 374. List the prime factors of r.
2, 3
Let k(j) = 3*j**2 - 2*j + 3. Let n be k(1). Let v be 3*(-2 + n - 1). What are the prime factors of v/((-4)/(-768)*3)?
2, 3
Let k = 12 - 10. Suppose 7 - 3 = k*p, 26 = -4*b + p. What are the prime factors of 2412/27*(b/(-4))/1?
2, 67
List the prime factors of (-6660)/(-888)*33104/30.
2, 2069
Let l(u) = -168*u - 38. Let i be l(-20). Suppose 11*d = -i + 14124. List the prime factors of d.
2, 491
Suppose 14*o - 4500 = 9*o. Let a be (2/((-32)/o))/(3/(-12)). What are the prime factors of (-9)/(a/10) - 97/(-5)?
19
Let k be ((-116)/(-203))/((-1)/(-7)*1). Suppose 2*c - 2 = k. List the prime factors of ((-17)/(-4))/(c/60).
5, 17
Let o(g) = 1707*g - 1025. What are the prime factors of o(5)?
2, 5, 751
Let j(c) = -23370*c**3 + 2*c**2 - 1. What are the prime factors of j(-1)?
23371
Let y = 1775 + -1678. Let d be 2/(-6) - 125/3. Let o = y + d. List the prime factors of o.
5, 11
Let k be -252 - 1/(-2)*0. Let w(b) = -3*b**2 - 64*b - 326. Let x be w(-22). Let i = k - x. What are the prime factors of i?
2, 59
Let a(w) be the third derivative of -653*w**6/120 - w**5/30 + w**4/8 + 5*w**3/6 - 17*w**2 - w. List the prime factors of a(-1).
653
Suppose -58 + 58 = -9*a. Suppose -3*n = -4*q - 5*n + 1400, -q - 5*n + 359 = a. What are the prime factors of q?
349
Let s = 1023 - 728. Let u = s + -66. List the prime factors of u.
229
What are the prime factors of ((-4)/(-14) - (-2)/(-7)) + 11 + 4321?
2, 3, 19
What are the prime factors of 20/(-14) + 14495400/840?
5, 7, 17, 29
Suppose 10258 = -28*u + 102938. What are the prime factors of u?
2, 5, 331
What are the prime factors of (-14)/(-77) + 15/((-330)/(-149464))?
2, 43, 79
Suppose 394666 - 927168 = -170*c + 398758. List the prime factors of c.
2, 3, 11, 83
Let s = -25566 - -47723. List the prime factors of s.
22157
Let o(k) = 64 + 17*k - 146 + 445*k**2 + 84. List the prime factors of o(-2).
2, 19, 23
List the prime factors of (7 - 22)/(-15) + (15042 - -3)*4.
11, 5471
Let k(q) = -q**2 + 18*q - 29. Let y be -3 + 18 - (0 - (2 - 1)). Let t be k(y). Suppose 163 + 44 = t*a. List the prime factors of a.
3, 23
Let z be -2*(58/(-12) + 5)*-15. Suppose 4*l + z*k - 1829 = 0, 2*k - 922 = -2*l - 2*k. What are the prime factors of l?
11, 41
Let g(i) = -i**3 + 5*i**2 + 26*i - 12. Let h = 107 + -99. Let n be g(h). List the prime factors of -5 + (-1276)/(-8) + 2/n.
5, 31
Let g = 1080 - 1132. Let b = -224 - -404. Let k = g + b. What are the prime factors of k?
2
Suppose -979564 = 41*u - 79*u. List the prime factors of u.
2, 12889
Suppose -5*t = 2*o - 77005, -76990 = 25*t - 30*t + o. List the prime factors of t.
3, 29, 59
What are the prime factors of (75809 + 261)*(-2)/(-20)?
7607
Let y = 6356 - 3795. What are the prime factors of y?
13, 197
Let x = 11991 - 10218. What are the prime factors of x?
3, 197
Let h(t) be the first derivative of -77*t**4/4 - t**3/3 + t**2/2 + t + 1522. Suppose 2 = -3*o - 1. What are the prime factors of h(o)?
2, 19
Suppose -4*a = 3*r - 27689, 73*a - 78*a + r = -34635. What are the prime factors of a?
2, 3463
Let k(y) = 147*y - 244. Suppose -2*g = -4*z + 34, -28 = -3*z + g - 4. List the prime factors of k(z).
5, 157
Suppose -51*y = 9*y - 1049580. List the prime factors of y.
3, 7, 17
List the prime factors of 4393*1 - 6555/285.
2, 5, 19, 23
Suppose g + 199339 = -2*i + 2*g, -398675 = 4*i - 5*g. List the prime factors of -4 - (-126)/33 - i/55.
2, 3, 151
Let n = -1940 - -1946. Let q = -5 + 3. List the prime factors of 5 - q/(n/147).
2, 3
Let f = -10728 + 42129. List the prime factors of f.
3, 1163
Let p be ((-5)/2)/((-2)/(-16)). Let t(r) = -7*r - 52. What are the prime factors of t(p)?
2, 11
Suppose 0 = -15*x + 262 - 82. List the prime factors of x + -8 + 6/(6/1039).
7, 149
Suppose 0 = 3*v - 32*v - 40774. Let g = v - -2406. What are the prime factors of g?
2, 5
Let u(d) = d**2 - 132*d + 2976. What are the prime factors of u(-71)?
17389
Let u(m) = -m**2 - 8*m + 1. Let s be u(-7). Let n be s/12*-129 - -3. Let o = n - -128. List the prime factors of o.
3, 5
Let p be 12/1 - (1 + 4). Suppose p*b - 3726 = -20*b. What are the prime factors of b?
2, 3, 23
Let w be 6*3/153 - 42235/(-85). Let x = w - 265. List the prime factors of x.
2, 29
Let l be 0 + 2/(-2) - -9. Suppose -25 = l*c - 3*c. What are the prime factors of c/15 + (-142)/(-3)?
47
Let d = -107 - -110. Suppose -4*n - 520 = -2*g, -616 = -3*g + d*n + 167. What are the prime factors of g?
2, 131
Suppose 338*i + 32238 = 344*i. List the prime factors of i.
3, 199
Let n(t) = 9*t**2 - 18*t - 24. Suppose -i - 3 = -5*s, -4*i - 29 = -0*i - 3*s. List the prime factors of n(i).
2, 3, 29
Let k = 3200 + -1023. Let h = k - 1039. List the prime factors of h.
2, 569
Let l(c) = 2*c**2 - 17 + 4*c**2 + 2*c - 5*c**2. Let w be l(7). Let b = w - 3. What are the prime factors of b?
43
Let v = -200 + 197. What are the prime factors of 1 + v - -4 - 4 - -67?
5, 13
Let l(s) = 88*s - 7. Let w be l(4). Suppose -8*z + 3*z + w = 0. Suppose -3*f - 5*r = -z - 67, -3*f + 134 = 4*r. What are the prime factors of f?
2, 3, 7
List the prime factors of (30/5)/((-4)/(-4814)) - 0.
3, 29, 83
Suppose 14*p - 70605 = -41*p + 10*p. List the prime factors of p.
3, 523
Suppose -7*g = -g - 2466. Suppose -3*v + 5*f = -g, 3*v + 3*f - 348 = 39. Suppose -5*a + v = -648. What are the prime factors of a?
2, 3, 13
List the prime factors of (-14 - (-498049)/(-85))*-5.
3, 13, 251
Suppose 0 = -5*z + 5, -4*z + 192 = 6*u - 2*u. Let m = -17 - -74. Let b = m - u. List the prime factors of b.
2, 5
Let i(t) = t**3 - 11*t**2 - 15*t - 6. Let z = 151 - 137. List the prime factors of i(z).
2, 3, 31
Let l = 21 + -51. Suppose 0 = -9*a - 0*a - 200 - 106. Let z = l - a. What are the prime factors of z?
2
Let c = 18212 + -15255. What are the prime factors of c?
2957
Let y(w) = 27*w - 4. Let u be y(5). Let h(s) = 2*s**3 - 28*s**2 - 605*s + 11. Let l be h(26). Suppose -l = -3*n + u. What are the prime factors of n?
2, 53
List the prime factors of -22 - (-3)/((-60)/(-1103420)).
3, 31, 593
Let f = 142 - -415. Suppose -2*r = 5*j - 1087, r + 0*j - 2*j = f. List the prime factors of r.
19, 29
List the prime factors of (-3 - 3015/(-27))/(9/((-837)/(-2))).
31, 163
Suppose 86*w - 858380 = -144*w + 4239340. List the prime factors of w.
2, 3, 1847
Suppose -48*k = -64*k - 64. List the prime factors of ((-390)/25)/(k*(-3)/(-510)).
3, 13, 17
Suppose 3*j = -5*r + 140, -3*j + 0*j = -5*r + 110. Let y(u) = 2*u**3 - 48*u**2 - 34*u - 25. What are the prime factors of y(r)?
3, 5
Let u(x) = 160*x**2 + 179*x - 1264. List the prime factors of u(7).
7829
Suppose i - 275 = 912. Let k = i + -600. What are the prime factors of k?
587
Suppose -3*c = -4*n + 42416, 5*n - 28*c - 53010 = -23*c. What are the prime factors of n?
2, 5, 1061
Suppose -270644 = 4522*j - 4566*j. What are the prime factors of j?
6151
Suppose -6*b = 5*n - 37600, 0 = 86*b - 91*b + n + 31323. What are the prime factors of b?
5, 7, 179
Suppose 0 = -1811*y + 1828*y - 1062687. List the prime factors of y.
3, 67, 311
Let g be 3/2*(-12)/(-9). Suppose 0 = 2*z - h - 8, g*z - 5*h = -2*h + 16. Suppose -4*q + z*y = -7*q + 284, q - y - 103 = 0. List the prime factors of q.
2, 7
Suppose 0 = -3*g - 4*c + 8054, 0 = 5*g - 0*c - 2*c - 13458. List the prime factors of g.
2, 5, 269
Suppose -75*j + 784 = -61*j. Suppose j = 12*l - 14116. What are the prime factors of l?
1181
Let x(k) = k**3 + 8*k**2 + 6*k + 3. Let f be x(-4). Suppose 2034 = 37*i - f*i. List the prime factors of (0 - (-3)/15) + i/(-5).
2, 17
Let t(x) = 2*x**3 + 24*x**2 - 34*x + 32. Let o be t(15). List the prime factors of o/13 - 26/(-169).
2, 449
Let o = -79 - -71. List the prime factors of ((-18)/o)/(81/8208).
2, 3, 19
What are the prime factors of 2/(-5) - (302976/(-140) + 8/(-28))?
2, 541
Let s = 15425 + -5479. What are the prime factors of s?
2, 4973
